. Give f(-383).
-19
Let d(j) = -2*j**2 - 119*j - 1409. Determine d(-17).
36
Let l(c) = -13*c**3 + 75*c**2 + 5*c - 10. What is l(-3)?
1001
Let l(m) = -6*m**2 + 352*m + 185522. Determine l(-149).
-132
Let u(q) = q**3 + 71*q**2 - 824*q - 27874. Calculate u(-77).
0
Let t(f) = 4*f**3 - 113*f**2 + 219*f + 5. Calculate t(2).
23
Let w(f) = -4185*f + 16831. Calculate w(4).
91
Let d(j) = 15*j**2 - 839*j - 1774. Calculate d(58).
24
Let n(c) = 929*c + 111473. What is n(-120)?
-7
Let l(j) = j**3 + 313*j**2 - 185*j + 40526. What is l(-314)?
20
Let v(p) = -722*p + 60253. Determine v(71).
8991
Let y(f) = -f**3 - 8*f**2 + f + 87. Give y(-12).
651
Let w(o) = -571355*o + 13712525. Determine w(24).
5
Let w(t) = 5*t**2 - 691*t - 729228. Give w(-319).
6
Let v(p) = -p**3 - 318*p**2 - 13811*p + 1058. Calculate v(-52).
-34
Let p(v) = 2215*v - 4444. Give p(2).
-14
Let n(u) = -u**3 - 88*u**2 - 1757*u - 2694. What is n(-59)?
20
Let o(i) = i**2 + 141*i + 4645. What is o(-89)?
17
Let d(u) = -103*u - 1083. Determine d(-10).
-53
Let y(r) = 2*r**3 + 60*r**2 - 644*r - 21164. Determine y(-28).
4
Let b(k) = 2*k**3 - 517*k**2 - 4541*k + 555. Determine b(267).
21
Let a(n) = 8*n**3 + 83*n**2 - 9688*n - 62. Calculate a(30).
-2
Let w(a) = -2*a**3 - 42*a**2 - 70*a - 633. What is w(-20)?
-33
Let t(i) = -562*i - 241100. Determine t(-429).
-2
Let a(y) = -y**2 - 130464*y + 260930. Determine a(2).
-2
Let o(b) = -4077*b - 440343. Determine o(-108).
-27
Let a(i) = 6*i**2 - 18*i - 279. Calculate a(-14).
1149
Let t(y) = 12410*y - 893530. Determine t(72).
-10
Let u(z) = z**3 - 188*z**2 - 1965*z + 174. What is u(-10)?
24
Let u(s) = 5*s**3 - 569*s**2 - 125*s + 1226. What is u(114)?
-28
Let a(v) = 2*v**3 - 321*v**2 + 172*v - 1913. Determine a(160).
7
Let y(v) = -v**3 + 306*v**2 + 1245*v - 1786. Determine y(310).
-236
Let u(j) = 4698*j + 4711. Determine u(-1).
13
Let n(l) = 16*l + 266. Give n(2).
298
Let k(c) = -14*c**2 - 1098*c - 21197. What is k(-44)?
11
Let b(i) = -223*i**2 - 1810*i - 209. Determine b(-8).
-1
Let s(z) = -12925*z - 1408748. Calculate s(-109).
77
Let j(d) = -1579*d + 50535. Give j(32).
7
Let y(v) = -461*v**2 - 1158*v + 7. What is y(-2)?
479
Let g(m) = 6426*m - 51122. Give g(8).
286
Let q(l) = -l**3 - 46*l**2 - 1276*l - 11588. What is q(-14)?
4
Let b(s) = -1129*s - 5648. Determine b(-5).
-3
Let z(c) = 34299*c - 17526783. What is z(511)?
6
Let d(n) = 13713*n + 63858. Calculate d(-5).
-4707
Let c(h) = -215*h + 164. Calculate c(2).
-266
Let t(r) = 6*r**2 - 1215*r + 31864. Calculate t(28).
2548
Let d(f) = 1060*f + 56737. What is d(-52)?
1617
Let k(a) = -a**3 + 18*a**2 + 21*a - 29. What is k(21)?
-911
Let g(c) = 2*c**3 - 240*c**2 - 1205*c + 26402. Determine g(124).
-10
Let b(t) = 1567*t - 15504. Calculate b(10).
166
Let x(k) = k**3 - 109*k**2 + 1580*k - 1042. Give x(92).
430
Let c(l) = -l**2 + 440*l - 39035. Give c(124).
149
Let m(i) = -27*i**2 + 697*i - 45. Give m(26).
-175
Let r(o) = -3*o**2 + 71*o + 53573. Calculate r(146).
-9
Let m(f) = 5901*f + 62558. Give m(-11).
-2353
Let f(q) = 2*q**3 - 92*q**2 - 87*q + 7964. Determine f(45).
-1
Let v(n) = -n**3 + 57*n**2 - 212*n + 9359. Determine v(56).
623
Let n(h) = 1362*h + 100763. What is n(-74)?
-25
Let u(a) = 7*a**3 - 9*a**2 + 176*a - 361. What is u(2)?
11
Let z(i) = i**3 - 34*i**2 + 83*i - 7198. What is z(37)?
-20
Let j(b) = -190*b**3 + 570*b**2 + 4. Give j(3).
4
Let p(j) = -35*j + 1119. Calculate p(32).
-1
Let h(y) = 761*y**2 + 20*y. What is h(-2)?
3004
Let l(s) = s**2 - 540*s + 54666. Calculate l(136).
-278
Let j(m) = m**2 - 2018*m + 978880. Calculate j(1207).
3
Let w(h) = -2*h**2 - 1886*h - 51268. What is w(-28)?
-28
Let r(o) = -1695*o**2 - 20329*o + 13. What is r(-12)?
-119
Let u(j) = -5*j**2 - 61*j + 513. Calculate u(6).
-33
Let d(s) = 7*s**3 + 720*s**2 - 128*s - 2706. Calculate d(-103).
-131
Let q(u) = 206*u**3 + 18*u**2 - 6*u - 11. Determine q(1).
207
Let t(c) = -38*c**2 + 4650*c - 72583. Determine t(104).
9
Let f(t) = t**3 + 10*t**2 + 637*t + 5171. What is f(-8)?
203
Let l(s) = 134*s**2 - 144*s - 585. Determine l(-5).
3485
Let p(r) = 117506*r + 1175087. Determine p(-10).
27
Let w(m) = 1679*m - 391288. What is w(233)?
-81
Let x(u) = -2*u**3 - 20*u**2 + 8*u + 154. Give x(-3).
4
Let r(j) = -182555*j + 1825545. Determine r(10).
-5
Let z(g) = -8784*g - 764230. What is z(-87)?
-22
Let i(c) = 18694*c**2 + 16*c + 21. Give i(0).
21
Let h(q) = -110*q**2 - 480*q + 87. Determine h(-5).
-263
Let a(j) = 3*j**2 - 205*j - 180. What is a(68)?
-248
Let b(t) = t**3 + 95*t**2 + 2017*t + 88. Determine b(-63).
25
Let j(m) = -m**3 - 92*m**2 + 1542*m - 6734. Give j(-107).
7
Let u(q) = 2*q**3 + 81*q**2 - 280*q + 58. Calculate u(3).
1
Let k(r) = -r**2 - 2285*r + 98048. What is k(42)?
314
Let g(z) = -z**3 + 12*z**2 - 50*z + 70. Calculate g(3).
1
Let a(w) = 7*w**2 - 404*w - 2461. Determine a(58).
-2345
Let l(v) = 9*v**2 + 151*v - 385. Calculate l(-19).
-5
Let n(f) = f**3 + 3*f**2 + 2663*f + 10653. Calculate n(-4).
-15
Let t(x) = 93*x**3 - 29*x - 53. Calculate t(-2).
-739
Let b(r) = 1125*r**3 - 15*r**2 + 18*r - 22. What is b(1)?
1106
Let i(w) = 31*w**3 + 10*w**2 + 34*w + 27. Calculate i(-2).
-249
Let l(u) = 10*u**2 + 5040*u - 589960. Calculate l(-602).
0
Let i(v) = -37919*v**2 + 75854*v - 23. Give i(2).
9
Let j(n) = -3*n**3 + 309*n**2 + 348*n - 3712. What is j(104)?
32
Let s(x) = x**3 - 62*x**2 + 464*x - 1699. Calculate s(54).
29
Let o(f) = 50*f + 5292. Calculate o(-119).
-658
Let x(q) = -1800*q - 29053. Calculate x(-15).
-2053
Let z(n) = -n**3 + n**2 + 43*n + 431. Determine z(-7).
522
Let m(a) = -1383*a - 294583. Calculate m(-213).
-4
Let d(a) = 2*a**2 + 117038*a - 351127. What is d(3)?
5
Let k(i) = -10442*i + 135824. What is k(13)?
78
Let x(y) = -8837*y + 176699. Calculate x(20).
-41
Let l(m) = m**3 + 61*m**2 + 984*m + 10393. Determine l(-44).
9
Let x(i) = -248*i + 18907. What is x(80)?
-933
Let f(h) = h**3 - 197*h**2 - 14*h + 3043. Determine f(197).
285
Let s(r) = -28012*r + 2801255. What is s(100)?
55
Let g(j) = 2123*j + 1936188. Calculate g(-912).
12
Let j(c) = 10443*c - 73115. Determine j(7).
-14
Let m(a) = 4800*a + 1646397. Determine m(-343).
-3
Let s(m) = -85170*m - 510845. Give s(-6).
175
Let a(n) = 69354*n - 138690. Calculate a(2).
18
Let d(c) = 66*c**2 + 623*c + 279. Give d(-9).
18
Let i(z) = -z**2 + 282*z + 3030. What is i(-10)?
110
Let h(z) = z**2 - 11*z + 348. Give h(15).
408
Let f(a) = -434*a - 25659. Determine f(-59).
-53
Let t(h) = h**2 - 49*h - 635. Calculate t(-14).
247
Let r(y) = -y**3 - 286*y**2 - 2469*y + 6712. Calculate r(-277).
64
Let c(k) = 45*k**2 + 8*k + 1. Calculate c(-1).
38
Let t(a) = 2*a**2 + 55*a - 320. Calculate t(0).
-320
Let a(q) = -q**3 - 6*q**2 + 631*q + 4270. What is a(-7)?
-98
Let d(b) = b**3 + 163*b**2 - 1013*b + 200. What is d(-169)?
31
Let o(c) = 1532*c + 1192. Determine o(-1).
-340
Let i(z) = 18707*z**2 - 374152*z - 25. What is i(20)?
-265
Let g(y) = -y**3 - 89*y**2 - 1608*y - 150. Give g(-25).
50
Let s(k) = -4*k + 386. Determine s(149).
-210
Let q(j) = -119*j**2 + 779*j - 24. Calculate q(7).
-402
Let b(v) = -108*v**2 - 23953*v + 5182. What is b(-222)?
76
Let l(j) = j**3 + 11*j**2 + 515*j + 6450. Determine l(-12).
126
Let z(k) = 2068*k + 128274. Calculate z(-62).
58
Let y(o) = 16*o**2 - 1984*o + 3907. Give y(2).
3
Let d(y) = 894*y - 47594. Determine d(53).
-212
Let d(b) = -2*b**3 - 107*b**2 - 80*b - 514. Determine d(-53).
917
Let q(c) = -c**3 - 58*c**2 + 1028*c + 59626. Calculate q(-58).
2
Let d(z) = -23*z**2 + 1225*z - 858. What is d(52)?
650
Let d(t) = -t**3 + 22*t**2 - 52*t - 925. Give d(20).
-1165
Let z(v) = -9*v**2 + 2807*v + 162848. What is z(-50)?
-2
Let z(m) = 586*m - 25103. What is z(43)?
95
Let s(l) = l**2 + 28*l + 16. Calculate s(-47).
909
Let m(j) = 116*j**2 - 212*j - 29946. Calculate m(17).
-26
Let f(w) = 2*w**3 - 1351*w**2 + 1963*w + 39783. Calculate f(674).
17
Let l(m) = 28*m**2 + 145*m - 198. Determine l(-9).
765
Let l(i) = -i**3 + 287*i**2 + 2373*i - 3834. Determine l(295).
1
Let u(p) = 45*p**2 - 231*p - 3. What is u(-2)?
639
Let j(d) = d**2 - 201*d + 3785. Calculate j(180).
5
Let s(w) = w**3 - 327*w**2 - 201*w + 65729. Calculate s(327).
2
Let i(p) = -4*p**3 + 712*p**2 - 30*p + 5330. Calculate i(178).
-10
Let u(c) = -937*c + 10043. What is u(11)?
-264
Let b(f) = -f**3 + 4*f**2 + 829*f - 9338. W